{"id":63,"date":"2025-07-10T19:51:14","date_gmt":"2025-07-10T19:51:14","guid":{"rendered":"https:\/\/idpengineering.com.mx\/home\/?page_id=63"},"modified":"2025-07-11T15:36:11","modified_gmt":"2025-07-11T15:36:11","slug":"sectores","status":"publish","type":"page","link":"https:\/\/idpengineering.com.mx\/?page_id=63","title":{"rendered":"Sectores"},"content":{"rendered":"\t\t<div data-elementor-type=\"wp-page\" data-elementor-id=\"63\" class=\"elementor elementor-63\">\n\t\t\t\t<div class=\"elementor-element elementor-element-ce7ea48 e-grid e-con-boxed e-con e-parent\" data-id=\"ce7ea48\" data-element_type=\"container\" data-e-type=\"container\">\n\t\t\t\t\t<div class=\"e-con-inner\">\n\t\t\t\t<div class=\"elementor-element elementor-element-55bcaf1 elementor-widget elementor-widget-image\" data-id=\"55bcaf1\" data-element_type=\"widget\" data-e-type=\"widget\" data-widget_type=\"image.default\">\n\t\t\t\t\t\t\t\t\t\t\t\t<figure class=\"wp-caption\">\n\t\t\t\t\t\t\t\t\t\t<img decoding=\"async\" width=\"217\" height=\"217\" src=\"https:\/\/idpengineering.com.mx\/wp-content\/uploads\/2025\/07\/LACTEA.png\" class=\"attachment-medium size-medium wp-image-69\" alt=\"\" srcset=\"https:\/\/idpengineering.com.mx\/wp-content\/uploads\/2025\/07\/LACTEA.png 217w, https:\/\/idpengineering.com.mx\/wp-content\/uploads\/2025\/07\/LACTEA-150x150.png 150w\" sizes=\"(max-width: 217px) 100vw, 217px\" \/>\t\t\t\t\t\t\t\t\t\t\t<figcaption class=\"widget-image-caption wp-caption-text\">INDUSTRIA L\u00c1CTEA<\/figcaption>\n\t\t\t\t\t\t\t\t\t\t<\/figure>\n\t\t\t\t\t\t\t\t\t<\/div>\n\t\t\t\t<div class=\"elementor-element elementor-element-c560bf9 elementor-widget elementor-widget-text-editor\" data-id=\"c560bf9\" data-element_type=\"widget\" data-e-type=\"widget\" data-widget_type=\"text-editor.default\">\n\t\t\t\t\t\t\t\t\t<h6><span class=\"TextRun BCX0 SCXP39559539\" lang=\"ES-MX\" xml:lang=\"ES-MX\" data-contrast=\"auto\"><span class=\"NormalTextRun BCX0 SCXP39559539\">Sistemas de alimentaci\u00f3n y orde\u00f1a para establos lecheros de alta producci\u00f3n.<\/span><\/span><\/h6>\t\t\t\t\t\t\t\t<\/div>\n\t\t\t\t<div class=\"elementor-element elementor-element-33a3ea9 elementor-widget elementor-widget-image\" data-id=\"33a3ea9\" data-element_type=\"widget\" data-e-type=\"widget\" data-widget_type=\"image.default\">\n\t\t\t\t\t\t\t\t\t\t\t\t<figure class=\"wp-caption\">\n\t\t\t\t\t\t\t\t\t\t<img decoding=\"async\" src=\"https:\/\/idpengineering.com.mx\/wp-content\/uploads\/elementor\/thumbs\/AGROINDUSTRIA-r8kjxdb8p3g6ut8vm6ywewzgvr72lcg3yy1ov0nc9k.png\" title=\"AGROINDUSTRIA\" alt=\"AGROINDUSTRIA\" loading=\"lazy\" \/>\t\t\t\t\t\t\t\t\t\t\t<figcaption class=\"widget-image-caption wp-caption-text\">AGROINDUSTRIA Y ALIMENTOS<\/figcaption>\n\t\t\t\t\t\t\t\t\t\t<\/figure>\n\t\t\t\t\t\t\t\t\t<\/div>\n\t\t\t\t<div class=\"elementor-element elementor-element-34b59d0 elementor-widget elementor-widget-text-editor\" data-id=\"34b59d0\" data-element_type=\"widget\" data-e-type=\"widget\" data-widget_type=\"text-editor.default\">\n\t\t\t\t\t\t\t\t\t<h6><span class=\"TextRun SCXP248685823 BCX0\" lang=\"ES-MX\" xml:lang=\"ES-MX\" data-contrast=\"auto\"><span class=\"NormalTextRun SCXP248685823 BCX0\">Maquinaria para procesamiento, clasificaci\u00f3n y empaque.<\/span><\/span><\/h6>\t\t\t\t\t\t\t\t<\/div>\n\t\t\t\t<div class=\"elementor-element elementor-element-db9c9ef elementor-widget elementor-widget-image\" data-id=\"db9c9ef\" data-element_type=\"widget\" data-e-type=\"widget\" data-widget_type=\"image.default\">\n\t\t\t\t\t\t\t\t\t\t\t\t<figure class=\"wp-caption\">\n\t\t\t\t\t\t\t\t\t\t<img decoding=\"async\" width=\"216\" height=\"216\" src=\"https:\/\/idpengineering.com.mx\/wp-content\/uploads\/2025\/07\/LOGISTICA.png\" class=\"attachment-large size-large wp-image-71\" alt=\"\" srcset=\"https:\/\/idpengineering.com.mx\/wp-content\/uploads\/2025\/07\/LOGISTICA.png 216w, https:\/\/idpengineering.com.mx\/wp-content\/uploads\/2025\/07\/LOGISTICA-150x150.png 150w\" sizes=\"(max-width: 216px) 100vw, 216px\" \/>\t\t\t\t\t\t\t\t\t\t\t<figcaption class=\"widget-image-caption wp-caption-text\">LOG\u00cdSTICA Y ALMACENAMIENTO<\/figcaption>\n\t\t\t\t\t\t\t\t\t\t<\/figure>\n\t\t\t\t\t\t\t\t\t<\/div>\n\t\t\t\t<div class=\"elementor-element elementor-element-c6168d0 elementor-widget elementor-widget-text-editor\" data-id=\"c6168d0\" data-element_type=\"widget\" data-e-type=\"widget\" data-widget_type=\"text-editor.default\">\n\t\t\t\t\t\t\t\t\t<h6><span data-contrast=\"auto\">Sistemas de transporte, elevadores, montacargas, racks y automatizaci\u00f3n de flujos.<\/span>\u200b<\/h6>\t\t\t\t\t\t\t\t<\/div>\n\t\t\t\t\t<\/div>\n\t\t\t\t<\/div>\n\t\t\t\t<\/div>\n\t\t","protected":false},"excerpt":{"rendered":"<p>INDUSTRIA L\u00c1CTEA Sistemas de alimentaci\u00f3n y orde\u00f1a para establos lecheros de alta producci\u00f3n. AGROINDUSTRIA Y ALIMENTOS Maquinaria para procesamiento, clasificaci\u00f3n y empaque. LOG\u00cdSTICA Y ALMACENAMIENTO Sistemas de transporte, elevadores, montacargas,&hellip;<\/p>\n","protected":false},"author":1,"featured_media":0,"parent":0,"menu_order":0,"comment_status":"closed","ping_status":"closed","template":"elementor_canvas","meta":{"footnotes":""},"class_list":["post-63","page","type-page","status-publish","hentry"],"_links":{"self":[{"href":"https:\/\/idpengineering.com.mx\/index.php?rest_route=\/wp\/v2\/pages\/63","targetHints":{"allow":["GET"]}}],"collection":[{"href":"https:\/\/idpengineering.com.mx\/index.php?rest_route=\/wp\/v2\/pages"}],"about":[{"href":"https:\/\/idpengineering.com.mx\/index.php?rest_route=\/wp\/v2\/types\/page"}],"author":[{"embeddable":true,"href":"https:\/\/idpengineering.com.mx\/index.php?rest_route=\/wp\/v2\/users\/1"}],"replies":[{"embeddable":true,"href":"https:\/\/idpengineering.com.mx\/index.php?rest_route=%2Fwp%2Fv2%2Fcomments&post=63"}],"version-history":[{"count":13,"href":"https:\/\/idpengineering.com.mx\/index.php?rest_route=\/wp\/v2\/pages\/63\/revisions"}],"predecessor-version":[{"id":108,"href":"https:\/\/idpengineering.com.mx\/index.php?rest_route=\/wp\/v2\/pages\/63\/revisions\/108"}],"wp:attachment":[{"href":"https:\/\/idpengineering.com.mx\/index.php?rest_route=%2Fwp%2Fv2%2Fmedia&parent=63"}],"curies":[{"name":"wp","href":"https:\/\/api.w.org\/{rel}","templated":true}]}}